0
In base 9, what is -460 + 16800?
16330
In base 5, what is -42 - 1331?
-1423
In base 10, what is 162924 - 18?
162906
In base 15, what is -1e5 + -6be?
-8b4
In base 3, what is -11222211101 - -10?
-11222211021
In base 3, what is 220001 + 1002011?
1222012
In base 15, what is 227ba + 0?
227ba
In base 4, what is 2113111330 + 20?
2113112010
In base 16, what is 3 + -244c5?
-244c2
In base 13, what is 14 + 673b?
6752
In base 13, what is 1 - 29bc5?
-29bc4
In base 8, what is 16 + -3622?
-3604
In base 6, what is -13051 - 11?
-13102
In base 11, what is 2 + -338a4?
-338a2
In base 7, what is 2 - 452062?
-452060
In base 11, what is -12 - 4a223?
-4a235
In base 2, what is -10011001111 + -1111111?
-10101001110
In base 4, what is 11111013 + 13?
11111032
In base 10, what is 4 - 84394?
-84390
In base 15, what is 17c + -70?
10c
In base 12, what is b5289 - 3?
b5286
In base 8, what is 13740 + -61?
13657
In base 10, what is 23837 + 4?
23841
In base 3, what is 110021022210 + 1?
110021022211
In base 5, what is 1104 - 144331?
-143222
In base 13, what is 526 - -1545?
1a6b
In base 7, what is -12245 + -41?
-12316
In base 13, what is 43 + -78?
-35
In base 11, what is 19 + 17a43?
17a61
In base 12, what is -3330 - -11?
-331b
In base 2, what is 1111011001110101110 + -100?
1111011001110101010
In base 11, what is 3 + -7426?
-7423
In base 5, what is 3 + 144010420?
144010423
In base 4, what is 11 + 111212120?
111212131
In base 4, what is 1302 + 2222310?
2230212
In base 6, what is 1150 - -4543?
10133
In base 13, what is 142a7 - 18?
1428c
In base 6, what is -1 - -53402340?
53402335
In base 10, what is -69112 - -23?
-69089
In base 8, what is -3353 - -35?
-3316
In base 16, what is 1 + -6282?
-6281
In base 5, what is 43 + 10443324?
10443422
In base 11, what is -161985 - -5?
-161980
In base 10, what is 12 + -6453?
-6441
In base 9, what is 0 - -14156?
14156
In base 5, what is -31 + -141112?
-141143
In base 12, what is -817b - -9b?
-80a0
In base 4, what is 110010310 - 11?
110010233
In base 3, what is -102 - -10020112002?
10020111200
In base 2, what is 101 - -10100001001001011?
10100001001010000
In base 11, what is 169 - -105?
273
In base 2, what is 101 - -11001100100110101100?
11001100100110110001
In base 6, what is -30405455 - -2?
-30405453
In base 5, what is -10 + -10244102?
-10244112
In base 13, what is -8 - 1010?
-1018
In base 8, what is 7646 - 25?
7621
In base 8, what is -101 + -210?
-311
In base 9, what is -40 + -668?
-718
In base 14, what is 2c641 - 1?
2c640
In base 16, what is 1 - 6f?
-6e
In base 8, what is 1234 + 3444?
4700
In base 11, what is -5078 + -5?
-5082
In base 13, what is 657 + 46?
6a0
In base 10, what is -2 + -878149?
-878151
In base 9, what is -72 - -12313?
12231
In base 9, what is -50304 + 0?
-50304
In base 6, what is 1 - 1210150?
-1210145
In base 12, what is -9 - 3a693?
-3a6a0
In base 3, what is 101002 - 2022210?
-1221201
In base 10, what is -2 - -956594?
956592
In base 11, what is 2a76 + -18?
2a59
In base 7, what is 321 + 360?
1011
In base 4, what is -13 + -10113030?
-10113103
In base 15, what is -4 - c62?
-c66
In base 13, what is -4223 + b0?
-4143
In base 8, what is 12564160 + 4?
12564164
In base 13, what is -5 - 6339?
-6341
In base 9, what is -2407 + 6?
-2401
In base 12, what is -4 + -31470?
-31474
In base 10, what is 739333 - -10?
739343
In base 13, what is -148 - 253c?
-2687
In base 12, what is 1 + 25528?
25529
In base 5, what is -3042 - -1343?
-1144
In base 4, what is -3 - -30021102?
30021033
In base 11, what is 1368a2 - -2?
1368a4
In base 3, what is -12121 + 111101?
21210
In base 5, what is -11 + 14140131?
14140120
In base 10, what is 9 - -16763?
16772
In base 9, what is 7 + -13462?
-13454
In base 10, what is -29609 - 4?
-29613
In base 14, what is -7728 + -1?
-7729
In base 8, what is -2221644 + -4?
-2221650
In base 7, what is -1161202 + 0?
-1161202
In base 14, what is 94c + -5a?
8d2
In base 10, what is 242006 + 4?
242010
In base 14, what is c + 913a?
9148
In base 10, what is 1 - -4437?
4438
In base 7, what is -1442 - 31335?
-33110
In base 13, what is -4 - -4c9?
4c5
In base 15, what is -b48de - 3?
-b48e2
In base 8, what is -11662 - -5?
-11655
In base 13, what is 107 + 114?
21b
In base 9, what is -1845 - 2?
-1847
In base 12, what is -12 - 1b645?
-1b657
In base 11, what is 83 - 193?
-110
In base 2, what is 101 + -11010110010?
-11010101101
In base 11, what is -a3 + 286?
193
In base 9, what is -763124 - 3?
-763127
In base 5, what is 3 - -20031?
20034
In base 4, what is 1 + -23113322?
-23113321
In base 2, what is 110101 - 11110101101?
-11101111000
In base 5, what is 1112 - -42324?
43441
In base 11, what is 1a71 + -1a9?
1873
In base 9, what is -5 - -2286?
2281
In base 16, what is 54 - -114?
168
In base 9, what is -2786 + 17?
-2768
In base 13, what is -b19 + 22?
-ac7
In base 14, what is 1699 - -17?
16b2
In base 5, what is 123 + -2102?
-1424
In base 2, what is 1001111010101 + -100011110?
1001010110111
In base 13, what is 4b - -2ba?
338
In base 9, what is -213 - 1?
-214
In base 12, what is 406446 - -5?
40644b
In base 10, what is 74843 + -4?
74839
In base 7, what is 65 - 11?
54
In base 8, what is 5 + 26337?
26344
In base 11, what is -1a91 + -7?
-1a98
In base 11, what is -3 + -48795?
-48798
In base 10, what is -677 + 66?
-611
In base 7, what is -34 - -100630?
100563
In base 12, what is 28 - 1434?
-1408
In base 2, what is 100 + -1110101001100?
-1110101001000
In base 15, what is 1755e9 + -3?
1755e6
In base 5, what is -41103044 + 11?
-41103033
In base 5, what is 4 + -4231234?
-4231230
In base 4, what is 3 - -101210010?
101210013
In base 16, what is 6a8 + 33?
6db
In base 7, what is -122333 + -16?
-122352
In base 2, what is -100 - -111111000001101010?
111111000001100110
In base 6, what is 1 - -152042?
152043
In base 4, what is 22023203101 + 10?
22023203111
In base 8, what is 12003 - 375?
11406
In base 14, what is -1c8d9 + -5?
-1c900
In base 2, what is 0 - -100101010101000110110?
100101010101000110110
In base 9, what is 1388 + 157?
1556
In base 15, what is 18078 + 1?
18079
In base 14, what is 8 - 2c94?
-2c8a
In base 5, what is -132031412 - 3?
-132031420
In base 10, what is -412 - 158?
-570
In base 4, what is 3 + 2132200?
2132203
In base 13, what is -2 - -337371?
33736c
In base 15, what is -9 - -60?
56
In base 13, what is 5 - -4441?
4446
In base 3, what is 1 + -1000012002?
-1000012001
In base 8, what is -55457 - 115?
-55574
In base 12, what is -1 + -1a3540?
-1a3541
In base 8, what is -3 - -26525?
26522
In base 7, what is 15655 + -4?
15651
In base 7, what is -53 - 262?
-345
In base 3, what is -1 - 122021102?
-122021110
In base 7, what is 163352 - 1?
163351
In base 16, what is -2881 - -5?
-287c
In base 8, what is 153 - 270?
-115
In base 14, what is -1a40 - -6?
-1a38
In base 6, what is -105 + 352?
243
In base 8, what is 4 + 2337016?
2337022
In base 2, what is 1100111000110 - -100010?
1100111101000
In base 5, what is 0 + -400133120?
-400133120
In base 3, what is -21 + 11001211?
11001120
In base 5, what is 3 - 12420122?
-12420114
In base 10, what is -80 - 28?
-108
In base 14, what is 34 - 2909?
-28b5
In base 9, what is -3282 + -130?
-3422
In base 16, what is 1459b1 - 5?
1459ac
In base 7, what is -2154 - -2125?
-26
In base 16, what is -15 + -151?
-166
In base 3, what is 201020 - 110122?
20121
In base 10, what is 509 + -232?
277
In base 12, what is 2 - -4b55?
4b57
In base 8, what is -2037 + 217?
-1620
In base 6, what is 323322 + -1?
323321
In base 7, what is 43 + -63312?
-63236
In base 3, what is -1002 - -21122122110?
21122121101
In base 8, what is -54 + 227?
153
In base 16, what is 64 + -210?
-1ac
In base 14, what is -2c6a8 - -6?
-2c6a2
In base 13, what is 5 + 2bca?
2c02
In base 5, what is 2100 + 3334?
10434
In base 4, what is -2211333313 - -11?
-2211333302
In base 7, what is -20220311 + 3?
-20220305
In base 6, what is 5 + 1255505?
1255514
In base 11, what is 3 + 61617?
6161a
In base 11, what is -1681 + -11?
-1692
In base 13, what is c - 718?
-709
In base 3, what is -12 - -22222011?
22221222
In base 11, what is -338 - -1191?
954
In base 8, what is 2 - 222506?
-222504
In base 3, what is 10021010 + 211?
10021221
In base 13, what is -3513 + 4?
-350c
In base 16, what is -df39 + -13?
-df4c
In base 4, what is -1001 + 3133?
2132
In base 13, what is 3 + -372ac2?
-372abc
In base 9, what is 